onvert -637 (base 8) to base 11.
-348
Convert -1000000111 (base 2) to base 4.
-20013
Convert -2765 (base 11) to base 15.
-10da
What is 1000010100 (base 2) in base 6?
2244
-292 (base 10) to base 16
-124
3033 (base 11) to base 4
332331
Convert -1a3 (base 12) to base 15.
-12c
4a24 (base 11) to base 3
22222222
Convert 14c (base 13) to base 7.
452
9358 (base 13) to base 12
b941
What is -1258 (base 10) in base 6?
-5454
13884 (base 14) to base 3
2110022002
Convert 32331 (base 4) to base 12.
679
12351 (base 8) to base 4
1103221
-11110020 (base 4) to base 12
-10720
Convert 10120 (base 13) to base 3.
1110110001
Convert 14541 (base 6) to base 9.
3217
Convert 386 (base 15) to base 3.
1002200
Convert 26012 (base 8) to base 2.
10110000001010
What is -203011 (base 4) in base 6?
-14221
What is -1000 (base 6) in base 15?
-e6
-103206 (base 8) to base 16
-8686
668 (base 10) to base 2
1010011100
What is -1221 (base 9) in base 8?
-1616
Convert -100000111000 (base 2) to base 8.
-4070
1047 (base 9) to base 4
30010
What is -15065 (base 7) in base 12?
-24ab
What is 67 (base 15) in base 16?
61
a461 (base 15) to base 7
203200
What is 37959 (base 10) in base 6?
451423
5321 (base 6) to base 10
1201
Convert 283 (base 10) to base 8.
433
Convert -36784 (base 9) to base 6.
-310204
What is -203 (base 5) in base 2?
-110101
20231 (base 4) to base 6
2325
Convert -1572 (base 15) to base 8.
-10777
-c57 (base 15) to base 4
-223132
What is 21110211 (base 3) in base 8?
12511
-2303233 (base 4) to base 3
-120210001
221 (base 3) to base 7
34
What is 3e4f (base 16) in base 11?
10a91
Convert 7986 (base 11) to base 13.
4a19
-192 (base 13) to base 8
-440
What is -23ba (base 13) in base 10?
-5054
-55 (base 9) to base 2
-110010
3a9 (base 14) to base 5
10422
What is a521 (base 13) in base 8?
54472
-44 (base 9) to base 2
-101000
What is 511562 (base 7) in base 16?
1541c
d9 (base 16) to base 4
3121
Convert -11111 (base 3) to base 13.
-94
-4595 (base 13) to base 14
-37ab
7335 (base 10) to base 15
2290
354 (base 6) to base 11
11a
-210120 (base 3) to base 4
-21012
What is 254 (base 14) in base 5?
3331
What is 2ac (base 16) in base 9?
840
Convert 24240 (base 7) to base 9.
8570
-3246 (base 9) to base 11
-1884
Convert -4381a (base 11) to base 12.
-30936
Convert -310342 (base 5) to base 13.
-4799
Convert -3404 (base 9) to base 14.
-cb9
Convert 145 (base 6) to base 4.
1001
What is -11366 (base 7) in base 3?
-11000212
Convert 11e8 (base 15) to base 6.
25402
What is -224 (base 8) in base 11?
-125
What is 110100 (base 6) in base 16?
2394
112000 (base 3) to base 10
378
-3a7 (base 11) to base 5
-3410
What is 20244 (base 5) in base 15?
5d4
What is -19d8 (base 14) in base 5?
-122243
-165a (base 15) to base 2
-1001011001010
Convert -1255 (base 8) to base 15.
-30a
Convert -11111002 (base 3) to base 14.
-1297
184 (base 13) to base 5
2102
Convert -65780 (base 9) to base 12.
-21316
Convert -11674 (base 8) to base 3.
-20221010
Convert -656 (base 7) to base 10.
-335
What is -112422 (base 5) in base 4?
-1000100
-1322 (base 10) to base 8
-2452
What is 15826 (base 9) in base 7?
43500
Convert -2649 (base 11) to base 15.
-1046
Convert 5c55 (base 13) to base 12.
76a3
-3a2 (base 14) to base 2
-1011011010
Convert 3642 (base 7) to base 6.
10133
Convert -232202 (base 5) to base 12.
-4a63
-102000122 (base 3) to base 5
-224121
What is -411 (base 13) in base 10?
-690
-14520 (base 6) to base 7
-6600
Convert 161b7 (base 12) to base 9.
47044
5a2 (base 11) to base 4
23031
-2723 (base 14) to base 15
-2096
Convert -110110010111 (base 2) to base 8.
-6627
Convert 26661 (base 7) to base 14.
28a1
-45431 (base 7) to base 6
-125225
-13a06 (base 12) to base 14
-9d8a
What is -31869 (base 11) in base 12?
-22961
Convert 6276 (base 9) to base 12.
27b9
22d9 (base 15) to base 16
1cec
15ea (base 15) to base 12
2894
-10003323 (base 4) to base 6
-205003
111011 (base 2) to base 16
3b
Convert -174 (base 13) to base 7.
-525
Convert -37731 (base 8) to base 14.
-5d57
What is 2541 (base 7) in base 2?
1111000000
What is -243403 (base 5) in base 6?
-110420
What is 217a (base 12) in base 16?
e6e
What is 11011112 (base 3) in base 7?
11600
Convert 2745 (base 8) to base 4.
113211
What is 121542 (base 6) in base 8?
25046
What is 6727 (base 10) in base 3?
100020011
What is 21303033 (base 4) in base 15?
bd63
What is 41643 (base 7) in base 2?
10100000100000
What is 23531 (base 6) in base 15?
1044
Convert -3211211 (base 4) to base 10.
-14693
What is 2000110 (base 4) in base 3?
102021011
Convert -4aeb (base 15) to base 4.
-3321203
-1031 (base 7) to base 5
-2430
What is 111001010 (base 2) in base 16?
1ca
What is 1a90 (base 12) in base 16?
ccc
Convert -c1d (base 15) to base 3.
-10202001
Convert -122211220 (base 3) to base 7.
-52635
What is -1105 (base 7) in base 9?
-481
What is 5133 (base 9) in base 2?
111010101100
What is -164 (base 7) in base 13?
-74
What is 2772 (base 12) in base 7?
16160
What is -ac2 (base 13) in base 6?
-12320
What is 6558 (base 10) in base 6?
50210
Convert -1459 (base 10) to base 4.
-112303
132333 (base 4) to base 5
30413
213c (base 16) to base 5
233013
Convert -12d0 (base 14) to base 8.
-6366
What is 24 (base 14) in base 10?
32
Convert -2144 (base 9) to base 6.
-11151
Convert -210002111 (base 3) to base 16.
-3c10
Convert -33103 (base 6) to base 11.
-348a
What is -1140 (base 7) in base 5?
-3140
12102 (base 4) to base 10
402
21100 (base 3) to base 13
123
-1b6 (base 13) to base 3
-102210
Convert 23322 (base 5) to base 7.
4664
Convert 2826 (base 9) to base 11.
1667
What is 204 (base 12) in base 15?
147
What is -7a2 (base 12) in base 5?
-14010
250 (base 9) to base 14
10b
Convert -56748 (base 9) to base 7.
-215114
What is 4427 (base 16) in base 2?
100010000100111
What is -3b6d (base 14) in base 15?
-3190
Convert 112201 (base 3) to base 8.
615
What is 1069 (base 11) in base 15?
63b
-1206 (base 15) to base 2
-111011110111
What is 11524 (base 7) in base 12?
18a7
Convert -6330 (base 11) to base 8.
-20276
Convert -10001011100111 (base 2) to base 15.
-29aa
f9 (base 16) to base 12
189
Convert 23144 (base 8) to base 9.
14430
-5b (base 16) to base 9
-111
Convert 3810 (base 12) to base 8.
14314
Convert ac7b (base 13) to base 3.
1020001121
212101 (base 3) to base 16
277
Convert 49 (base 13) to base 6.
141
What is -12220 (base 9) in base 14?
-2db9
Convert 1636 (base 8) to base 6.
4142
What is -54425 (base 6) in base 12?
-4415
Convert -13213 (base 4) to base 9.
-601
Convert -28ff (base 16) to base 7.
-42412
Convert -5363 (base 8) to base 14.
-1043
What is -c3 (base 13) in base 6?
-423
Convert -372 (base 15) to base 5.
-11112
-111030 (base 4) to base 9
-1766
Convert -2300 (base 4) to base 9.
-215
Convert -1010100100 (base 2) to base 4.
-22210
Convert -1091 (base 10) to base 5.
-13331
-302 (base 6) to base 3
-11002
What is -101201 (base 5) in base 6?
-23141
10320 (base 5) to base 4
23012
310033 (base 4) to base 3
11120211
What is -513 (base 11) in base 8?
-1153
What is -4159 (base 15) in base 8?
-32761
320200 (base 4) to base 12
2114
Convert 555 (base 16) to base 13.
810
Convert 10000000111 (base 2) to base 4.
100013
Convert -424a (base 14) to base 15.
-35c4
Convert -315 (base 8) to base 3.
-21121
What is 1672 (base 8) in base 9?
1270
Convert -4c (base 15) to base 11.
-66
Convert 2f9 (base 16) to base 2.
1011111001
What is 2a7 (base 11) in base 8?
547
What is 145113 (base 7) in base 3?
1102122220
Convert 310 (base 11) to base 8.
566
-1022010 (base 3) to base 8
-1664
What is -115 (base 7) in base 8?
-75
Convert 200442 (base 6) to base 2.
11110101101010
201431 (base 6) to base 2
11111000111011
Convert -2001100 (base 3) to base 9.
-2040
Convert 301 (base 12) to base 15.
1dd
What is -53816 (base 9) in base 14?
-cdcb
-356 (base 13) to base 5
-4303
2342 (base 5) to base 14
1ab
Convert -d6 (base 14) to base 11.
-161
-654 (base 13) to base 11
-8a5
What is 12212 (base 5) in base 13?
569
What is -300103 (base 5) in base 12?
-5537
What is a9ac (base 14) in base 6?
343524
What is -57 (base 8) in base 16?
-2f
What is -18536 (base 10) in base 5?
-1043121
Convert -82 (base 11) to base 6.
-230
What is 14167 (base 11) in base 2?
100111010111111
Convert -1430 (base 5) to base 13.
-156
1076 (base 8) to base 3
210021
-1eaa (base 15) to base 14
-2617
Convert 1d5 (base 15) to base 10.
